f be n(-34). What is the hundreds digit of (0 - (-27)/18)*f?
9
Suppose 3*b = 5*i + 75, 3*b - 52 = 4*i + 23. Suppose -5*r + 6 = -19. Suppose -4*p + 69 = -w + b, 16 = 3*p - r*w. What is the tens digit of p?
1
Let y(z) = -z**3 + 15*z**2 + 9*z - 10. Suppose -3*q - 3*c - 2*c + 127 = 0, -3*c + 85 = 2*q. Suppose -5*o = -q - 31. What is the tens digit of y(o)?
2
Suppose -u = 4*l - 5460, 0 = 2*u - 4*l + 4850 - 15722. What is the units digit of u?
4
Suppose -119 + 139 = 5*m. Suppose 0 = m*g + 19 + 61. What is the hundreds digit of (-20)/(-8)*((-2784)/g)/3?
1
Let q(u) = -24*u - 9 - u - 59*u**2 + 58*u**2. What is the tens digit of q(-20)?
9
Let u(r) = 49*r - 71. Let t be u(-17). Let j = t + 2211. What is the units digit of j?
7
Suppose -75 = k - 26*k. Suppose 2*j + k*v - 1733 = 0, -v + 367 = -5*j + 4742. What is the units digit of j?
4
Let x be 0 - -2*99/(-2). Let k be (1 + x/(-6))*(-8)/10. Let l(m) = -20*m - 57. What is the tens digit of l(k)?
2
Let i be 6/3*1 - (0 + -116). Suppose -4*h + i = -2*l + 38, -l - 2*h - 28 = 0. Let g = l + 197. What is the hundreds digit of g?
1
Suppose -4*j = 37*m - 38*m + 14110, -3*m - j + 42382 = 0. What is the ten thousands digit of m?
1
Suppose 120*u = -22*u + 521992. What is the units digit of u?
6
Let j(o) = 18*o + 94. Suppose -24 = -p - h, 0 = 2*p + h + 2*h - 48. What is the tens digit of j(p)?
2
Let x(n) be the second derivative of -55*n**3/3 - 117*n**2/2 - 9*n - 1. What is the hundreds digit of x(-4)?
3
Let c(y) = 7*y**3 - 2*y**2 + 2. Let p be c(1). Suppose -p - 2 = -3*w. What is the units digit of 1*w*6/9?
2
Let n = 5158 - -1928. What is the tens digit of n?
8
Let w be 190 - (-3 + -1 + (-6)/(-2)). Let o = -105 + w. What is the units digit of o?
6
Suppose 362 = 5*g + 7. Let s be (-279)/(-2)*(-10)/(-15). Suppose -61 = -3*y + 3*z + g, -2*y + s = -3*z. What is the units digit of y?
9
Let t(q) = -411*q - 678. What is the thousands digit of t(-6)?
1
Suppose -1 = 2*t - 2*s - 33, 4*t - 64 = -5*s. Let c be (12/t)/(((-5)/(-44))/5). Suppose 39*u - c*u = 1266. What is the units digit of u?
1
Let y(j) = -112*j - 43. Let a be y(6). Let g = 1072 + a. What is the units digit of g?
7
Let u(v) = -11*v**2 - 34*v**3 - 10 - 19*v + 7 + 35*v**3. What is the units digit of u(13)?
8
Let y = 4106 + -2192. What is the hundreds digit of y?
9
Suppose -r = -29 + 31. What is the hundreds digit of r/16 - (-157800)/320?
4
Let x = -5710 + 10872. What is the thousands digit of x?
5
Suppose -38*n + m + 21306 = -36*n, -5*n + 53263 = -3*m. What is the hundreds digit of n?
6
Let w be -5 - (-28)/4 - -2. Suppose -5*m + 986 + 1221 = -w*a, 1327 = 3*m - a. What is the tens digit of m?
4
Let u be ((-2)/(-3))/((-40)/(-780)). Suppose 17*j = u*j + 1392. What is the units digit of j?
8
Suppose 5*u + 3*m - 7255 = -2712, 4*u - 3608 = 2*m. What is the hundreds digit of u?
9
Let c = 144 + -139. Suppose -c = s - 663. What is the units digit of s?
8
Let u(z) = -198*z - 30. Let p(k) = -k**3 + 7*k**2 - 8. Let b be p(7). What is the tens digit of u(b)?
5
Let z(b) = -120*b + 2462. What is the units digit of z(0)?
2
Let c(t) = t**2 - 22*t + 53. Let o be c(20). Suppose -o*g + 1058 = -892. What is the hundreds digit of g?
1
Let q(v) = -22*v + 13. Let s be q(6). Let g = s + 198. Let n = -9 + g. What is the tens digit of n?
7
Let o(w) = 9*w**2 - 2*w + 242. What is the thousands digit of o(48)?
0
Suppose 81 - 26 = -s + 3*h, 2*s + h + 131 = 0. What is the hundreds digit of (-61112)/s + (-4)/(-32)?
9
Let w(n) = 53*n**3 - n**2 - 3*n + 3. Suppose 16*x = 18*x - 140. Let m = -69 + x. What is the units digit of w(m)?
2
Let t(g) = 15*g + 23. Let b(v) = -2*v. Let f(r) = 12*b(r) - 3*t(r). What is the units digit of f(-6)?
5
Suppose -78965 = -48*v + 203563. What is the units digit of v?
6
Let a = -6638 - -15013. What is the units digit of a?
5
Let x = 25238 - 12839. What is the tens digit of x?
9
Suppose 8*h = 4*h + 500. Let r = -126 + h. Let t(i) = -45*i - 2. What is the tens digit of t(r)?
4
Let u be (1 - (-3 + -1)) + -5. Suppose 5*s - 103 = 4*w - 10, 2*w + 5*s + 9 = u. Let m(g) = g**2 + 11*g - 14. What is the tens digit of m(w)?
8
Let z = 6658 + -6336. What is the hundreds digit of z?
3
Let j = 55 - 53. Suppose -2*g - 3*y - 29 = -4*g, -2*g + j*y + 30 = 0. What is the units digit of g?
6
Let k = -169 + 83. Let c = 113 + k. Suppose -32*n + c*n + 80 = 0. What is the tens digit of n?
1
Suppose 26 = -7*v - 16. What is the thousands digit of (-9177)/v + 1*6/(-4)?
1
Suppose 2 = -2*s - 6, 4*j - 4*s + 1004 = 0. Let b = j + 1003. What is the hundreds digit of b?
7
Suppose 0 = -14*r + 11*r - 10254. Let h = r + -6. What is the tens digit of (2/8*-2)/(16/h)?
0
Let d(g) = 6 - 9 + 12 - 7*g + 9. Let t be d(-11). Let b = -14 + t. What is the tens digit of b?
8
Let r be (-3)/(-4) + -2 + (-178)/(-8). Suppose -i = -2*x - 6*i + 3, -5*i - r = -4*x. Suppose -x*y + f = -f - 84, -3*f = -2*y + 34. What is the tens digit of y?
2
Let s(i) = -681*i - 794. What is the thousands digit of s(-15)?
9
Let d = 11521 - 7474. What is the tens digit of d?
4
Let h(o) = -2*o**3 + 6*o**3 - 3*o**3 + 19*o - 7 + 20*o**2. Let z be h(-18). Suppose y + y = i - 71, -4*y = 5*i - z. What is the tens digit of i?
6
Let k(f) = -6*f**2 + 6*f + 7. Let m be k(5). Let b = m + 252. What is the units digit of b?
9
Let w = -29 - -19. Let b(g) = g**3 + 11*g**2 + 10*g. Let z be b(w). Suppose z*j = -5*j + 430. What is the tens digit of j?
8
Let o(r) = 3069*r**2 - 95*r + 31. What is the tens digit of o(3)?
6
Suppose 20*q - 3136 = 4*q. Suppose q = -11*x + 13*x. What is the tens digit of x?
9
Suppose -2*l - 4776 = -8*l. Suppose -196 = 2*m - l. What is the units digit of m?
0
Let m(n) = 4*n**3 + 27*n**2 - 7*n - 78. Let o(v) = v**3 + v + 1. Let l(t) = m(t) - 3*o(t). What is the units digit of l(-27)?
9
Let i = 275 + 633. What is the tens digit of -7 - i/(-5 - -1)?
2
Suppose 0 = 3*s + 4*g + 228, 145 + 261 = -5*s + 2*g. Let t = -78 - s. Suppose -m = -3*z + 150, 3*z = t*m - 3*m + 144. What is the tens digit of z?
4
Let z = 9 + -7. Suppose -4*n = -z*b + b - 30, 3*n = 3*b + 18. Suppose 0 = n*i - 5*i - 48. What is the units digit of i?
6
Let x = -15118 + 21185. What is the tens digit of x?
6
Suppose -4*j + 1080 = -12*j. Let r = 109 - -125. Let a = r + j. What is the units digit of a?
9
Suppose 4*o - 10 = 3*d, 16 = 10*o - 6*o. Suppose -2*s = -3*p - 8, 4*s + d = p + 18. What is the units digit of 1286/5 - (-2)/(-10 + p)?
7
Let i = -255 + 259. Suppose -i*u + 4*f = -2140, 0 = 5*u + 3*f - 2858 + 167. What is the hundreds digit of u?
5
What is the tens digit of ((-48033)/(-5670) - 2/28)*1965?
0
Let u(n) = 2*n - 2. Let r be u(2). Suppose r*m - 11*m = 54. What is the tens digit of 3/m + (-1)/2 - -21?
2
Suppose -6378 - 18973 = -3*p - 5*t, -2*t + 4 = 0. What is the thousands digit of p?
8
Let x be 2 + 0 - -1*(886 - 5). Let g = -501 + x. What is the hundreds digit of g?
3
Let u(b) = -5*b**2 + 5*b - 135*b**3 + 7 - 2*b**2 + 136*b**3. Let z be u(10). Suppose -5*s + 8*s = z. What is the units digit of s?
9
Let x be (9 - (-112)/(-12))*(-1 - 8). Suppose -x*g - 936 = -15*g. What is the units digit of g?
8
Let q(h) = h**2 - 26*h - 43. Let v = 231 + -181. What is the units digit of q(v)?
7
Let u = -396 - -316. Let q = 88 + u. What is the units digit of q?
8
Let m = 2080 - 2147. Let w = -46 + 64. Let t = w - m. What is the units digit of t?
5
Suppose 390 = 158*c - 156*c. Suppose c + 3353 = 4*k. What is the units digit of k?
7
Let a(n) = 11*n + 2. Let f(u) = -1. Let l(s) = a(s) + 6*f(s). Let t be l(-4). What is the units digit of (-2)/(4/(-3))*(-256)/t?
8
Suppose 234399 = -7*z + 23*z - 457217. What is the tens digit of z?
2
Suppose -4*c - 1 + 25 = 0. Let f(r) = r**3 - 19*r**2 + 24*r - 36. Let y be f(19). Suppose h - c*h + y = 0. What is the units digit of h?
4
Let m(n) = n**3 - 18*n**2 + 14*n + 14. Let c be m(17). Suppose 553 + 77 = 6*d. Let w = c + d. What is the units digit of w?
8
Let k(h) = 47*h**2 - 6*h + 4. Let z be k(6). Suppose -5*a + 3*m - 5*m = -z, 1328 = 4*a + 2*m. What is the units digit of a?
2
Let x be 17/3 - 6/9. Suppose -x*y = -b - 2*b + 954, 314 = b - 3*y. What is the hundreds digit of b?
3
Suppose 0 = a + 4*n + 10, -6*a = -8*a - 2*n + 4. Suppose 33330 = 16*f + a*f. What is the tens digit of f?
1
Let x(m) = -m**3 + 9*m**2 - 2*m + 9. Let j = -53 + 39. Let p = 20